{"id":500,"date":"2017-03-01T12:51:15","date_gmt":"2017-03-01T10:51:15","guid":{"rendered":"http:\/\/kleinjogg.ch\/wordpress\/?page_id=500"},"modified":"2017-12-27T10:43:39","modified_gmt":"2017-12-27T08:43:39","slug":"kiosk","status":"publish","type":"page","link":"https:\/\/kleinjogg.ch\/wordpress\/kiosk\/","title":{"rendered":"Kiosk"},"content":{"rendered":"<h2>Kiosk<\/h2>\n<p>M\u00f6chten Sie sich gerne anhand der Gedenkschrift &#8222;Wegbereiter der modernen Landwirtschaft&#8220; weiter \u00fcber Kleinjogg informieren oder ihren n\u00e4chsten Wein aus einem Wermatswiler Weinglas geniessen?<\/p>\n<ul>\n<li><a href=\"https:\/\/kleinjogg.ch\/wordpress\/?page_id=213\">Gedenkschrift &#8222;Wegbereiter der modernen Landwirtschaft&#8220;<\/a><\/li>\n<li><a href=\"https:\/\/kleinjogg.ch\/wordpress\/?page_id=947\">Wermatswiler Weingl\u00e4ser<\/a><\/li>\n<\/ul>\n","protected":false},"excerpt":{"rendered":"<p>Kiosk M\u00f6chten Sie sich gerne anhand der Gedenkschrift &#8222;Wegbereiter der modernen Landwirtschaft&#8220; weiter \u00fcber Kleinjogg informieren oder ihren n\u00e4chsten Wein aus einem Wermatswiler Weinglas geniessen? Gedenkschrift &#8222;Wegbereiter der modernen Landwirtschaft&#8220; Wermatswiler Weingl\u00e4ser<\/p>\n","protected":false},"author":1,"featured_media":0,"parent":0,"menu_order":6,"comment_status":"closed","ping_status":"closed","template":"template-fullwidth.php","meta":{"footnotes":""},"class_list":["post-500","page","type-page","status-publish","hentry","post-preview"],"_links":{"self":[{"href":"https:\/\/kleinjogg.ch\/wordpress\/wp-json\/wp\/v2\/pages\/500","targetHints":{"allow":["GET"]}}],"collection":[{"href":"https:\/\/kleinjogg.ch\/wordpress\/wp-json\/wp\/v2\/pages"}],"about":[{"href":"https:\/\/kleinjogg.ch\/wordpress\/wp-json\/wp\/v2\/types\/page"}],"author":[{"embeddable":true,"href":"https:\/\/kleinjogg.ch\/wordpress\/wp-json\/wp\/v2\/users\/1"}],"replies":[{"embeddable":true,"href":"https:\/\/kleinjogg.ch\/wordpress\/wp-json\/wp\/v2\/comments?post=500"}],"version-history":[{"count":7,"href":"https:\/\/kleinjogg.ch\/wordpress\/wp-json\/wp\/v2\/pages\/500\/revisions"}],"predecessor-version":[{"id":963,"href":"https:\/\/kleinjogg.ch\/wordpress\/wp-json\/wp\/v2\/pages\/500\/revisions\/963"}],"wp:attachment":[{"href":"https:\/\/kleinjogg.ch\/wordpress\/wp-json\/wp\/v2\/media?parent=500"}],"curies":[{"name":"wp","href":"https:\/\/api.w.org\/{rel}","templated":true}]}}